h + 1 - 29*h**2 + 28*h**l - 3. Determine d(w).
-2
Let u(x) = -x**3 + x - 4. Suppose -5*y + 7*y = -5*i, -y + 3*i = 0. Give u(y).
-4
Let f(g) = -21*g - 3. Let p(v) = 26*v + 4. Let q(m) = -5*f(m) - 4*p(m). Determine q(-9).
-10
Let x(g) = -6*g - 1. Let r(c) = 21*c + 3. Let f(d) = -5*r(d) - 18*x(d). Let l = 4 - 0. Suppose -7*u + 2*u + 2*a = 6, -5*a - 2 = -l*u. What is f(u)?
-3
Let j(z) = -2*z - 6. Let c be (10/(-1) + 0 + 2)/1. Determine j(c).
10
Let z(y) = 65*y - 2 + 0*y**2 - 55*y - y**2. Give z(8).
14
Let n(b) = -48*b**3 + b - 1. Suppose 0 = -371*j + 361*j + 10. What is n(j)?
-48
Let l(w) = 8*w**2 - 4*w + 2. Let q be (-5)/4 + 962/296. Determine l(q).
26
Let u(k) = 5*k - 1. Let z be -3*(4 - (-55)/(-15))*4. Give u(z).
-21
Let a(b) be the second derivative of b**4/12 + b**3 - 2*b**2 + b + 13. Calculate a(-5).
-9
Let s be 1*5*((-1320)/100 + 12). Let i(t) = -8*t - 44. Calculate i(s).
4
Let j(t) be the first derivative of t**2/2 + 11*t + 12. Let h be (2 - (0 - -2))/(-1). Suppose 3*q - n = -h*q - 17, -q - n = 7. Give j(q).
5
Let u(k) = 39*k + 9*k - 71*k + 15*k + 9*k - 5. Let x = 8 - 0. Determine u(x).
3
Let u(j) = 5*j - 2. Let d be ((-2)/(-5))/((-6)/(-120)). Let f = d + -14. Let v(p) = -p**3 - 6*p**2 - p - 4. Let s be v(f). Determine u(s).
8
Let q = -10 - -14. Let i(s) = s - s**2 + 0*s - q + 4 + 4. Suppose -4*y + 10 = 3*m, -9*m - 30 = -5*y - 4*m. Give i(y).
-8
Let b be 2*7/((-14)/4). Let g(o) = 1. Let w(v) = -8*v - 2. Let x(r) = b*g(r) - w(r). Let l(k) = k**2 - 6*k - 2. Let f be l(6). Determine x(f).
-18
Let l = -11 - -17. Let w(r) = -7*r**2 + 2*r - 5*r**2 - 3*r**2 + l*r**2 - 1. Let u = -1 + 2. Give w(u).
-8
Let b(u) = u**2 - 4*u + 1. Let v be b(3). Let m be (v + (-20)/(-8))*2. Let j(h) be the first derivative of h**2 + h - 2. Calculate j(m).
3
Let g(i) = 3*i**2 - 4*i + 2. Suppose -5*t = -2*t - 60. Let y = t + -15. Suppose 0 = -2*d + d + 2*a, 4*d - 13 = -y*a. Give g(d).
6
Let t(o) = -o**3 - o**2 + 4*o - 1. Let k be t(-3). Let g(q) = q**3 - 5*q**2 + 2. Let j be g(k). Let d(i) = 0 + 5 + 3*i - 2 - i + i**j. Calculate d(-4).
11
Let a(i) = i**2 + i + 1. Let t(w) = w**3 - 2*w**2 - 4*w + 9. Let d(c) = -2*a(c) + t(c). Let l = -229 - -234. Give d(l).
2
Let m(o) = -2 + 9*o**2 + 0 - 9*o - 11*o**2 + 0*o**2. Determine m(-4).
2
Let u(r) = -r**2 - 6*r + 5. Let p be u(-6). Let n(z) = 6*z + 0*z - z**2 + 4 - 9*z + 8*z. Give n(p).
4
Let g(w) = -2*w - 12. Let p be 11/((-4)/4) - -2. Let t be g(p). Suppose -4*n - 6 = t. Let c(k) = k + 7. Calculate c(n).
4
Let s(n) = 2*n - 2. Let f(c) = 5*c - 5. Let b(a) = 3*f(a) - 8*s(a). Suppose 3*k = 4*l + 49, 4*k - k - 3*l - 45 = 0. Suppose k = -q + 7. Give b(q).
5
Let h(t) = -t**2 + 4*t - 1. Suppose -c + 3*m = -17, 2*c + 0*c = 2*m + 14. Let l be -2 + c + 5 - -1. Suppose -d - 12 = -4*i, -2*i + 2*d = -0*i - l. What is h(i)?
2
Let j(g) = -2*g + 2 + 11 - 7 - 3. Let u(i) = i**2 + 5*i + 10. Let o be u(-4). What is j(o)?
-9
Suppose -64 = -5*g + 36. Let n(f) = g - 4*f + f**3 + 4*f**2 + 13 - 39. Calculate n(-4).
10
Let m(v) = 3*v + 6*v + v + v - 7. Calculate m(1).
4
Let z(h) = 1 + 3 - h - 1. Suppose y + 5*t - 5 - 5 = 0, 8 = -2*y + 4*t. Determine z(y).
3
Let v = -219 - -209. Let w(c) = c + 21. Give w(v).
11
Let x(t) = t**2 + 48*t + 208. Let j be x(-5). Let q(r) = -r**3 - 8*r**2 - 11*r - 10. Determine q(j).
18
Let d(x) = -x**3 - 2*x + 0*x + 343*x**2 - 3*x - 337*x**2 + 5. Let f = 4 - -1. What is d(f)?
5
Let n be (-1 - 1)*(-180)/24. Suppose 11*p + n = 14*p. Suppose 2*k = -0*m - 3*m + 16, 0 = p*m + 5*k - 25. Let v(o) = -o + 7. Give v(m).
1
Let k(y) = -y - 1. Let t(x) = 4*x - 4. Let c = -12 - -10. Let n be 1/(c - 9/(-6)). Let d(z) = n*k(z) - t(z). Give d(6).
-6
Let o(y) be the second derivative of -2*y**3/3 - 2*y**2 + 25*y. Calculate o(-5).
16
Let b(j) = 3*j**2 + 4*j - 1. Let o(g) = -13*g**2 - 15*g + 4. Let d(h) = -9*b(h) - 2*o(h). Let k(a) = -29*a + 1126. Let q be k(39). Give d(q).
6
Let r(l) = 7*l**3 - l**2 + l. Let j = -182 - -183. Determine r(j).
7
Let q = 9 + -13. Let f(t) = t**2 + 6*t + 5. Let a be f(q). Let r(m) = m**3 + 3*m**2 - 2. Calculate r(a).
-2
Let n = -37 - -42. Suppose -2*o = -2*r - 18, o + 21 = -n*r + 6. Let y(k) = -k**2 + 4*k. Determine y(o).
-5
Let d(o) = 3*o**2 + 2*o + 3. Suppose 0 = 59*p - 72*p - 26. Give d(p).
11
Suppose 8 = -3*h + 2*f, 25*h = 28*h + 3*f + 18. Let l(v) = -v**3 - 4*v**2 - 5*v. Calculate l(h).
20
Let l(w) = w + 2. Suppose 20 = 19*z - 23*z. What is l(z)?
-3
Let s be (24/80*5)/(3/(-4)). Let n(q) be the second derivative of q**4/12 + q**3/3 + q**2 - q. Give n(s).
2
Let q(x) be the first derivative of 7*x**2/2 + 9*x - 666. What is q(7)?
58
Let x(t) = -t**2 - 2*t - 2. Suppose 0 = -3*s + 2*s. Suppose -5*d + 5 = -o - 2, -o - 3*d + 1 = s. Let f be x(o). Let p(z) = -z**2 + 1. Determine p(f).
-3
Let u(n) be the first derivative of n**4/4 - 7*n**3/3 - 9*n**2/2 + 9*n - 1. Let k be u(8). Suppose -2 = -3*t + k. Let x(m) = -7*m. Determine x(t).
-7
Let t(l) = l**2 - 5*l - 2. Let n = 20 + -14. Let s be t(n). Let i(f) = -3*f - 3*f + s*f + 5*f. Determine i(-4).
-12
Let l be (-8)/((-15)/(-6) + -3). Let d be (4/(-10))/(l/(-80)). Let m(g) = -4*g - 3*g**2 - 4*g - 5 + d*g**2 + 2*g**2. What is m(9)?
4
Let w(k) = 2*k + 24 - k**3 + 27*k**2 - 3*k - 26*k**2. Let f(d) = -d**2 + 5*d - 4. Let y be f(4). What is w(y)?
24
Let i(n) = -24*n + 57. Let s = 32 - 65. Let l(z) = -3*z + 7. Let x(r) = s*l(r) + 4*i(r). Let v be (2/3)/((-6)/(-18)). Give x(v).
3
Let a(o) = -o**3 - 5*o**2 - 3*o + 4. Let f = -44 + 14. Let h = f + 27. Calculate a(h).
-5
Let m be ((2 - -1) + -9)/1. Let j be m/(-4)*(0 - -2). Let i(h) = 0*h**3 + 6*h - 7*h - 1 + 4*h**j - 2*h**3. Determine i(2).
13
Let k(j) = j**2 + 9*j + 1 - j + j. Suppose -4*u - 5*w = 26, w + 0 - 2 = 0. Let g be k(u). Let m(z) = 7*z**2 - z. Calculate m(g).
6
Let s(b) = b**2 + 23*b + 22*b - 3 + 19*b - 53*b. What is s(-13)?
23
Let t(b) = b**2 - 17*b - 34. Let q be t(19). Let d(z) = -752*z**2 + 751*z**2 + 5*z - 13*z - q. Calculate d(-8).
-4
Let x(l) = -3*l + 19. Suppose 0 = -63*p + 48*p + 120. Determine x(p).
-5
Let t(y) = 15*y + 39. Let g(c) = -3*c - 8. Let d(f) = -24*g(f) - 5*t(f). Let b be (3/((-6)/(-4)))/(100/(-150)). What is d(b)?
6
Let f(m) = -m**3 - 5*m**2 + 5*m - 2. Let k be f(-6). Let g(x) = -k + 8 - 5 - 10*x**2. Calculate g(1).
-11
Suppose 132 = -5*l + 8*l. Let m = l - 39. Let j(c) = 7 + c - 3*c - c**3 + 6*c**2 - 6*c. What is j(m)?
-8
Let b be (58/203)/(2/14). Let x(z) = -z**3 - 3*z + 0 - z**2 + 7*z**2 + b - 2*z. Suppose -4*l + 8 = 0, 2*l - 7*l + 20 = 2*p. Give x(p).
2
Let s(h) = 3*h. Let n(f) = -2*f + 1. Let r be n(7). Let k = 14 + r. Suppose -2 = -i - k. What is s(i)?
3
Let b(n) = n**2 - 4*n + 1. Suppose 0 = 3*l - 26 + 2. Suppose -l*w + 10 = -6*w. Determine b(w).
6
Let c(p) = p**3 + 9*p**2 + 2*p + 6. Let n be ((-42)/399 + 59/19)*-3. Calculate c(n).
-12
Let r(d) be the first derivative of d**3/3 + 5*d**2/2 + 6*d + 7. Let i = 5 + -10. Calculate r(i).
6
Let d(g) = -g**3 + 5*g**2 + 5*g. Let u = 107 + -100. Suppose u*k - 41 = 1. Determine d(k).
-6
Let z(k) = -6*k + 6. Let y be 35/140 - 19/(-4). Give z(y).
-24
Let m(u) = -u**2 - u + 8. Suppose 4*t - 3*j = -1, 3*t + 14 = 7*t + 2*j. Let x(v) = 10*v - t*v + 6*v - v**2. Let d be x(14). Determine m(d).
8
Let m(q) = q**2 + 6*q - 1. Let o(v) = -2*v**3 - 17*v**2 - 9*v - 14. Let s be 2 - (-3 - 2*(-52)/8). Let x be o(s). What is m(x)?
-1
Let c = -3 + 8. Let x(p) = -3*p + c - 4 + 0. Calculate x(5).
-14
Suppose 43*c = 41*c + 10. Let r(j) be the second derivative of j**4/12 - j**3/2 - j**2 - j. Determine r(c).
8
Let y(t) = 9 + 10 + 8*t - 5*t - 15. Give y(8).
28
Let k(c) = 8*c + 40. Suppose 196*a + 25 = 191*a. Calculate k(a).
0
Let k(t) = -8*t**3 - t**2 + 2*t - 2. Let f be k(1). Let c(w) = -13*w + 16. Let i(u) = -3*u + 4. Let p(d) = f*i(d) + 2*c(d). Give p(7).
3
Let b(x) be the first derivative of x**4/4 + 2*x**3 + 9*x**2/2 + 3*x + 702. Calculate b(-6).
-51
Let z(x) = 7*x**3 + 30*x**2 + 25*x + 21. Let k(v) = 3*v**3 + 14*v**2 + 12*v + 10. Let i(j) = 5*k(j) - 2*z(j). Give i(-9).
-1
Let v(p) be the second derivative of -p**4/12 + 4*p**3/3 - 6*p**2 + 107*p. Calculate v(8).
-12
Let u = 20 + -15. Let r be 1/u + (-36)/(-20). Let v(f) be the second derivative of f**3/3 + 5*f. Give v(r).
4
Let x(a) = 17*a + 29. Let m(c) = -25*c - 47. Let n(z) = 5*m(z) + 8*x(z). What is n(-5)?
-58
Le